vided by 21.
16
What is the remainder when 1800 is divided by 4?
0
What is the remainder when 204 is divided by 30?
24
What is the remainder when 183 is divided by 67?
49
What is the remainder when 2803 is divided by 128?
115
What is the remainder when 236 is divided by 12?
8
Calculate the remainder when 139 is divided by 13.
9
What is the remainder when 105 is divided by 36?
33
Calculate the remainder when 1448 is divided by 365.
353
Calculate the remainder when 6740 is divided by 7.
6
Calculate the remainder when 581 is divided by 97.
96
Calculate the remainder when 108 is divided by 21.
3
What is the remainder when 1642 is divided by 109?
7
What is the remainder when 6454 is divided by 6?
4
What is the remainder when 1968 is divided by 66?
54
Calculate the remainder when 1724 is divided by 6.
2
What is the remainder when 153 is divided by 32?
25
Calculate the remainder when 237 is divided by 219.
18
What is the remainder when 731 is divided by 238?
17
What is the remainder when 6877 is divided by 186?
181
What is the remainder when 38 is divided by 24?
14
What is the remainder when 3789 is divided by 18?
9
What is the remainder when 24 is divided by 5?
4
What is the remainder when 13 is divided by 3?
1
What is the remainder when 190 is divided by 12?
10
What is the remainder when 477 is divided by 48?
45
Calculate the remainder when 561 is divided by 557.
4
What is the remainder when 2946 is divided by 102?
90
What is the remainder when 42 is divided by 12?
6
What is the remainder when 1348 is divided by 83?
20
Calculate the remainder when 2555 is divided by 12.
11
Calculate the remainder when 518 is divided by 87.
83
What is the remainder when 286 is divided by 25?
11
What is the remainder when 1587 is divided by 243?
129
Calculate the remainder when 3224 is divided by 26.
0
What is the remainder when 185 is divided by 21?
17
What is the remainder when 139 is divided by 76?
63
What is the remainder when 288 is divided by 285?
3
Calculate the remainder when 118 is divided by 32.
22
Calculate the remainder when 252 is divided by 32.
28
What is the remainder when 2492 is divided by 6?
2
Calculate the remainder when 357 is divided by 60.
57
Calculate the remainder when 385 is divided by 61.
19
What is the remainder when 13 is divided by 4?
1
Calculate the remainder when 233 is divided by 47.
45
Calculate the remainder when 202 is divided by 182.
20
What is the remainder when 157 is divided by 54?
49
What is the remainder when 373 is divided by 126?
121
What is the remainder when 899 is divided by 442?
15
What is the remainder when 171 is divided by 125?
46
What is the remainder when 2381 is divided by 469?
36
What is the remainder when 21 is divided by 14?
7
Calculate the remainder when 4138 is divided by 41.
38
What is the remainder when 600 is divided by 43?
41
Calculate the remainder when 54 is divided by 14.
12
Calculate the remainder when 80 is divided by 24.
8
What is the remainder when 1535 is divided by 766?
3
What is the remainder when 128 is divided by 49?
30
Calculate the remainder when 68 is divided by 65.
3
What is the remainder when 284 is divided by 26?
24
What is the remainder when 34 is divided by 7?
6
Calculate the remainder when 9178 is divided by 137.
136
What is the remainder when 194 is divided by 66?
62
Calculate the remainder when 881 is divided by 18.
17
What is the remainder when 570 is divided by 84?
66
What is the remainder when 1637 is divided by 47?
39
Calculate the remainder when 680 is divided by 43.
35
What is the remainder when 2120 is divided by 529?
4
What is the remainder when 5794 is divided by 207?
205
Calculate the remainder when 208 is divided by 65.
13
Calculate the remainder when 69 is divided by 23.
0
Calculate the remainder when 2671 is divided by 534.
1
Calculate the remainder when 2762 is divided by 35.
32
Calculate the remainder when 1281 is divided by 28.
21
What is the remainder when 1288 is divided by 88?
56
What is the remainder when 348 is divided by 114?
6
Calculate the remainder when 75 is divided by 18.
3
Calculate the remainder when 80 is divided by 41.
39
What is the remainder when 144 is divided by 21?
18
What is the remainder when 3067 is divided by 74?
33
Calculate the remainder when 288 is divided by 91.
15
Calculate the remainder when 54 is divided by 49.
5
What is the remainder when 213 is divided by 80?
53
What is the remainder when 12 is divided by 2?
0
What is the remainder when 75 is divided by 27?
21
What is the remainder when 27 is divided by 14?
13
What is the remainder when 669 is divided by 96?
93
Calculate the remainder when 1048 is divided by 28.
12
Calculate the remainder when 2083 is divided by 15.
13
Calculate the remainder when 90 is divided by 48.
42
Calculate the remainder when 765 is divided by 12.
9
Calculate the remainder when 111 is divided by 16.
15
Calculate the remainder when 3663 is divided by 36.
27
What is the remainder when 124 is divided by 49?
26
Calculate the remainder when 23 is divided by 22.
1
Calculate the remainder when 336 is divided by 57.
51
What is the remainder when 62 is divided by 16?
14
Calculate the remainder when 70 is divided by 32.
6
What is the remainder when 526 is divided by 33?
31
What is the remainder when 1643 is divided by 3?
2
Calculate the remainder when 243 is divided by 49.
47
Calculate the remainder when 917 is divided by 27.
26
What is the remainder when 9279 is divided by 182?
179
Calculate the remainder when 812 is divided by 406.
0
What is the remainder when 1419 is divided by 56?
19
What is the remainder when 366 is divided by 116?
18
Calculate the remainder when 676 is divided by 40.
36
Calculate the remainder when 228 is divided by 78.
72
What is the remainder when 93 is divided by 93?
0
Calculate the remainder when 201 is divided by 46.
17
What is the remainder when 1340 is divided by 667?
6
Calculate the remainder when 1990 is divided by 3.
1
What is the remainder when 2743 is divided by 56?
55
Calculate the remainder when 196 is divided by 23.
12
What is the remainder when 2254 is divided by 34?
10
What is the remainder when 1188 is divided by 66?
0
What is the remainder when 316 is divided by 75?
16
What is the remainder when 20590 is divided by 78?
76
What is the remainder when 440 is divided by 53?
16
Calculate the remainder when 192 is divided by 33.
27
What is the remainder when 734 is divided by 23?
21
Calculate the remainder when 169 is divided by 62.
45
What is the remainder when 5577 is divided by 15?
12
Calculate the remainder when 142 is divided by 80.
62
Calculate the remainder when 35 is divided by 18.
17
What is the remainder when 2062 is divided by 91?
60
Calculate the remainder when 131 is divided by 14.
5
Calculate the remainder when 80207 is divided by 16.
15
Calculate the remainder when 252 is divided by 23.
22
What is the remainder when 105 is divided by 27?
24
Calculate the remainder when 250 is divided by 87.
76
Calculate the remainder when 1374 is divided by 69.
63
Calculate the remainder when 199 is divided by 23.
15
What is the remainder when 2266 is divided by 63?
61
What is the remainder when 53 is divided by 35?
18
What is the remainder when 1425 is divided by 129?
6
What is the remainder when 2925 is divided by 11?
10
What is the remainder when 1022 is divided by 79?
74
Calculate the remainder when 11277 is divided by 12.
9
Calculate the remainder when 140 is divided by 100.
40
Calculate the remainder when 82 is divided by 49.
33
Calculate the remainder when 871 is divided by 19.
16
Calculate the remainder when 740 is divided by 17.
9
Calculate the remainder when 11002 is divided by 71.
68
What is the remainder when 183 is divided by 164?
19
What is the remainder when 1552 is divided by 118?
18
What is the remainder when 30 is divided by 15?
0
What is the remainder when 260 is divided by 81?
17
Calculate the remainder when 263 is divided by 14.
11
What is the remainder when 5665 is divided by 15?
10
Calculate the remainder when 335 is divided by 15.
5
What is the remainder when 97 is divided by 33?
31
Calculate the remainder when 120 is divided by 36.
12
Calculate the remainder when 80 is divided by 31.
18
Calculate the remainder when 211 is divided by 81.
49
What is the remaind